{"id":66,"date":"2021-01-17T23:17:48","date_gmt":"2021-01-17T22:17:48","guid":{"rendered":"http:\/\/ekopar.pl\/?page_id=66"},"modified":"2021-04-17T21:35:15","modified_gmt":"2021-04-17T19:35:15","slug":"o-nas","status":"publish","type":"page","link":"https:\/\/ekopar.pl\/index.php\/o-nas\/","title":{"rendered":"O nas"},"content":{"rendered":"<p>[vc_row][vc_column]<div class=\"rs-team\"><div class=\"team-gird\"><div class=\"team-item col-md- col-sm-6 col-xs-12 team-style2\">\n\t\t\t\t\t\t\t<div class=\"team-inner-wrap\">\n\t\t\t\t\t\t\t    <div class=\"team-img\">\n\t\t\t\t\t\t\t        <img decoding=\"async\" src=\"https:\/\/ekopar.pl\/wp-content\/uploads\/2019\/03\/pawel-czerwinski-BaPHdjVbMjo-unsplash-scaled.jpg\" alt=\"JACEK MASTERNAK\" \/>\n\t\t\t\t\t\t\t        <div class=\"normal-text\">\n\t\t\t\t\t\t\t            <h3 class=\"team-name\"><a href=\"https:\/\/ekopar.pl\/index.php\/teams\/jacek\/\">JACEK MASTERNAK<\/a><\/h3>\n\t\t\t   <span class=\"team-title\">Za\u0142o\u017cyciel Ekopar<\/span>\n\t\t\t\t\t\t\t        <\/div>\n\t\t\t\t\t\t\t    <\/div>\n\t\t\t\t\t\t\t    <div class=\"team-content\">\n\t\t\t\t\t\t\t        <div class=\"overly-border\"><\/div>\n\t\t\t\t\t\t\t        <div class=\"display-table\">\n\t\t\t\t\t\t\t            <div class=\"display-table-cell\">\n\t\t\t\t\t\t\t                <h3 class=\"team-name\"><a href=\"https:\/\/ekopar.pl\/index.php\/teams\/jacek\/\">JACEK MASTERNAK<\/a><\/h3>\n\t\t\t\t\t\t\t                <span class=\"team-title\">Za\u0142o\u017cyciel Ekopar<\/span>\n\t\t\t\t\t\t\t                <p class=\"team-desc\">Technik geodeta, absolwent studi\u00f3w magisterskich kierunku Melioracji na Akademii Rolniczej w Poznaniu, aktywnie dzia\u0142aj\u0105cy w bran\u017cy od niemal 30 lat. Ma szerokie do\u015bwiadczenie w zakresie gospodarki odpadowej i \u015bciekowej, specjalizuje si\u0119 w doradztwie klienta i prowadzeniu dokumentacji sprawozdawczej dla podmiot\u00f3w gospodarczych.\u00a0 Pracoholik, mi\u0142o\u015bnik spacer\u00f3w le\u015bnych z psem, zwolennik alternatywnych \u017ar\u00f3de\u0142 energii i czynny jej producent.<\/p>\n\t\t\t\t\t\t                  \t<div class=\"team-social\">\t\t\t  \n\t\t\t\t\t\t                  \t  \n\t\t\t\t\t\t                \t  \n\t\t\t\t\t\t                \t  \n\t\t\t\t\t\t                \t  \t\n\t\t\t\t\t\t                  \t<\/div>\n\t\t\t\t\t\t\t            <\/div>\n\t\t\t\t\t\t\t        <\/div>\n\t\t\t\t\t\t\t    <\/div>\n\t\t\t\t\t\t\t<\/div>\n\t\t\t\t\t  <\/div>\t\t\n\t\t\t\t\t<div class=\"team-item col-md- col-sm-6 col-xs-12 team-style2\">\n\t\t\t\t\t\t\t<div class=\"team-inner-wrap\">\n\t\t\t\t\t\t\t    <div class=\"team-img\">\n\t\t\t\t\t\t\t        <img decoding=\"async\" src=\"https:\/\/ekopar.pl\/wp-content\/uploads\/2019\/03\/pawel-czerwinski-BaPHdjVbMjo-unsplash-scaled.jpg\" alt=\"MICHA\u0141 MASTERNAK\" \/>\n\t\t\t\t\t\t\t        <div class=\"normal-text\">\n\t\t\t\t\t\t\t            <h3 class=\"team-name\"><a href=\"https:\/\/ekopar.pl\/index.php\/teams\/michal\/\">MICHA\u0141 MASTERNAK<\/a><\/h3>\n\t\t\t   <span class=\"team-title\">mgr in\u017c. \u015arodowiska<\/span>\n\t\t\t\t\t\t\t        <\/div>\n\t\t\t\t\t\t\t    <\/div>\n\t\t\t\t\t\t\t    <div class=\"team-content\">\n\t\t\t\t\t\t\t        <div class=\"overly-border\"><\/div>\n\t\t\t\t\t\t\t        <div class=\"display-table\">\n\t\t\t\t\t\t\t            <div class=\"display-table-cell\">\n\t\t\t\t\t\t\t                <h3 class=\"team-name\"><a href=\"https:\/\/ekopar.pl\/index.php\/teams\/michal\/\">MICHA\u0141 MASTERNAK<\/a><\/h3>\n\t\t\t\t\t\t\t                <span class=\"team-title\">mgr in\u017c. \u015arodowiska<\/span>\n\t\t\t\t\t\t\t                <p class=\"team-desc\">Absolwent studi\u00f3w magisterskich In\u017cynierii \u015arodowiska na Politechnice Pozna\u0144skiej, z wieloletnim do\u015bwiadczeniem w bran\u017cy przemys\u0142owej z zakresu projektowania i wykonawstwa budynk\u00f3w wielkokubaturowych. Specjalizuje si\u0119 w opracowaniach dotycz\u0105cych in\u017cynierii powietrza. Pasjonat nieska\u017conej przyrody, dobrego jedzenia i dalekich podr\u00f3\u017cy.<\/p>\n\t\t\t\t\t\t                  \t<div class=\"team-social\">\t\t\t  \n\t\t\t\t\t\t                  \t  \n\t\t\t\t\t\t                \t  \n\t\t\t\t\t\t                \t  \n\t\t\t\t\t\t                \t  \t\n\t\t\t\t\t\t                  \t<\/div>\n\t\t\t\t\t\t\t            <\/div>\n\t\t\t\t\t\t\t        <\/div>\n\t\t\t\t\t\t\t    <\/div>\n\t\t\t\t\t\t\t<\/div>\n\t\t\t\t\t  <\/div>\t\t\n\t\t\t\t\t<\/div><\/div>[\/vc_column][\/vc_row]<\/p>\n","protected":false},"excerpt":{"rendered":"<p>[vc_row][vc_column][\/vc_column]&#8230;<\/p>\n","protected":false},"author":1,"featured_media":0,"parent":0,"menu_order":0,"comment_status":"closed","ping_status":"closed","template":"","meta":{"footnotes":""},"class_list":["post-66","page","type-page","status-publish","hentry"],"_links":{"self":[{"href":"https:\/\/ekopar.pl\/index.php\/wp-json\/wp\/v2\/pages\/66","targetHints":{"allow":["GET"]}}],"collection":[{"href":"https:\/\/ekopar.pl\/index.php\/wp-json\/wp\/v2\/pages"}],"about":[{"href":"https:\/\/ekopar.pl\/index.php\/wp-json\/wp\/v2\/types\/page"}],"author":[{"embeddable":true,"href":"https:\/\/ekopar.pl\/index.php\/wp-json\/wp\/v2\/users\/1"}],"replies":[{"embeddable":true,"href":"https:\/\/ekopar.pl\/index.php\/wp-json\/wp\/v2\/comments?post=66"}],"version-history":[{"count":7,"href":"https:\/\/ekopar.pl\/index.php\/wp-json\/wp\/v2\/pages\/66\/revisions"}],"predecessor-version":[{"id":8333,"href":"https:\/\/ekopar.pl\/index.php\/wp-json\/wp\/v2\/pages\/66\/revisions\/8333"}],"wp:attachment":[{"href":"https:\/\/ekopar.pl\/index.php\/wp-json\/wp\/v2\/media?parent=66"}],"curies":[{"name":"wp","href":"https:\/\/api.w.org\/{rel}","templated":true}]}}