{"id":74,"date":"2021-01-17T23:20:48","date_gmt":"2021-01-17T22:20:48","guid":{"rendered":"http:\/\/ekopar.pl\/?page_id=74"},"modified":"2021-08-06T09:24:06","modified_gmt":"2021-08-06T07:24:06","slug":"zaufali-nam","status":"publish","type":"page","link":"https:\/\/ekopar.pl\/index.php\/zaufali-nam\/","title":{"rendered":"Zaufali nam"},"content":{"rendered":"<p>[vc_row][vc_column][vc_column_text]Mamy przyjemno\u015b\u0107 wsp\u00f3\u0142pracowa\u0107 mi\u0119dzy innymi z nast\u0119puj\u0105cymi firmami.[\/vc_column_text][\/vc_column][\/vc_row][vc_row][vc_column width=&#8221;1\/3&#8243;][vc_column_text]<img loading=\"lazy\" decoding=\"async\" class=\"alignnone size-medium wp-image-8454\" src=\"https:\/\/ekopar.pl\/wp-content\/uploads\/2021\/08\/loga-300x94.jpg\" alt=\"\" width=\"300\" height=\"94\" srcset=\"https:\/\/ekopar.pl\/wp-content\/uploads\/2021\/08\/loga-300x94.jpg 300w, https:\/\/ekopar.pl\/wp-content\/uploads\/2021\/08\/loga.jpg 575w\" sizes=\"auto, (max-width: 300px) 100vw, 300px\" \/>[\/vc_column_text][\/vc_column][vc_column width=&#8221;1\/3&#8243;][vc_column_text]<img loading=\"lazy\" decoding=\"async\" class=\"alignnone size-full wp-image-8455\" src=\"https:\/\/ekopar.pl\/wp-content\/uploads\/2021\/08\/logo_Ferma.png\" alt=\"\" width=\"215\" height=\"140\" \/>[\/vc_column_text][\/vc_column][vc_column width=&#8221;1\/3&#8243;][vc_column_text]<img loading=\"lazy\" decoding=\"async\" class=\"alignnone size-full wp-image-8456\" src=\"https:\/\/ekopar.pl\/wp-content\/uploads\/2021\/08\/Meblopol-podst-Corel-X7.png\" alt=\"\" width=\"22442\" height=\"5906\" \/>[\/vc_column_text][\/vc_column][\/vc_row][vc_row][vc_column width=&#8221;1\/3&#8243;][vc_column_text]<img loading=\"lazy\" decoding=\"async\" class=\"alignnone size-medium wp-image-8462\" src=\"https:\/\/ekopar.pl\/wp-content\/uploads\/2021\/08\/logo-Reka-300x122.gif\" alt=\"\" width=\"300\" height=\"122\" \/>[\/vc_column_text][vc_column_text]<img loading=\"lazy\" decoding=\"async\" class=\"alignnone size-medium wp-image-8472\" src=\"https:\/\/ekopar.pl\/wp-content\/uploads\/2021\/08\/logo-WPIP-1-png-300x170.png\" alt=\"\" width=\"300\" height=\"170\" srcset=\"https:\/\/ekopar.pl\/wp-content\/uploads\/2021\/08\/logo-WPIP-1-png-300x170.png 300w, https:\/\/ekopar.pl\/wp-content\/uploads\/2021\/08\/logo-WPIP-1-png-1024x579.png 1024w, https:\/\/ekopar.pl\/wp-content\/uploads\/2021\/08\/logo-WPIP-1-png-768x434.png 768w, https:\/\/ekopar.pl\/wp-content\/uploads\/2021\/08\/logo-WPIP-1-png-1536x868.png 1536w, https:\/\/ekopar.pl\/wp-content\/uploads\/2021\/08\/logo-WPIP-1-png-600x339.png 600w, https:\/\/ekopar.pl\/wp-content\/uploads\/2021\/08\/logo-WPIP-1-png.png 1621w\" sizes=\"auto, (max-width: 300px) 100vw, 300px\" \/>[\/vc_column_text][\/vc_column][vc_column width=&#8221;1\/3&#8243;][vc_column_text]<img loading=\"lazy\" decoding=\"async\" class=\"alignnone size-medium wp-image-8461\" src=\"https:\/\/ekopar.pl\/wp-content\/uploads\/2021\/08\/sowa-300x244.png\" alt=\"\" width=\"300\" height=\"244\" srcset=\"https:\/\/ekopar.pl\/wp-content\/uploads\/2021\/08\/sowa-300x244.png 300w, https:\/\/ekopar.pl\/wp-content\/uploads\/2021\/08\/sowa-600x487.png 600w, https:\/\/ekopar.pl\/wp-content\/uploads\/2021\/08\/sowa.png 687w\" sizes=\"auto, (max-width: 300px) 100vw, 300px\" \/>[\/vc_column_text][\/vc_column][vc_column width=&#8221;1\/3&#8243;][vc_column_text]<img loading=\"lazy\" decoding=\"async\" class=\"alignnone size-medium wp-image-8457\" src=\"https:\/\/ekopar.pl\/wp-content\/uploads\/2021\/08\/logotyp-kopia-300x31.jpg\" alt=\"\" width=\"300\" height=\"31\" srcset=\"https:\/\/ekopar.pl\/wp-content\/uploads\/2021\/08\/logotyp-kopia-300x31.jpg 300w, https:\/\/ekopar.pl\/wp-content\/uploads\/2021\/08\/logotyp-kopia-1024x106.jpg 1024w, https:\/\/ekopar.pl\/wp-content\/uploads\/2021\/08\/logotyp-kopia-768x80.jpg 768w, https:\/\/ekopar.pl\/wp-content\/uploads\/2021\/08\/logotyp-kopia-1536x159.jpg 1536w, https:\/\/ekopar.pl\/wp-content\/uploads\/2021\/08\/logotyp-kopia-2048x213.jpg 2048w, https:\/\/ekopar.pl\/wp-content\/uploads\/2021\/08\/logotyp-kopia-600x62.jpg 600w\" sizes=\"auto, (max-width: 300px) 100vw, 300px\" \/>[\/vc_column_text][vc_column_text][\/vc_column_text][\/vc_column][\/vc_row]<\/p>\n","protected":false},"excerpt":{"rendered":"<p>[vc_row][vc_column][vc_column_text]Mamy przyjemno\u015b\u0107 wsp\u00f3\u0142pracowa\u0107 mi\u0119dzy innymi z nast\u0119puj\u0105cymi firmami.[\/vc_column_text][\/vc_column][\/vc_row][vc_row][vc_column width=&#8221;1\/3&#8243;][vc_column_text][\/vc_column_text][\/vc_column][vc_column width=&#8221;1\/3&#8243;][vc_column_text][\/vc_column_text][\/vc_column][vc_column width=&#8221;1\/3&#8243;][vc_column_text][\/vc_column_text][\/vc_column][\/vc_row][vc_row][vc_column width=&#8221;1\/3&#8243;][vc_column_text][\/vc_column_text][vc_column_text][\/vc_column_text][\/vc_column][vc_column width=&#8221;1\/3&#8243;][vc_column_text][\/vc_column_text][\/vc_column][vc_column width=&#8221;1\/3&#8243;][vc_column_text][\/vc_column_text][vc_column_text][\/vc_column_text][\/vc_column]&#8230;<\/p>\n","protected":false},"author":1,"featured_media":0,"parent":0,"menu_order":0,"comment_status":"closed","ping_status":"closed","template":"","meta":{"footnotes":""},"class_list":["post-74","page","type-page","status-publish","hentry"],"_links":{"self":[{"href":"https:\/\/ekopar.pl\/index.php\/wp-json\/wp\/v2\/pages\/74","targetHints":{"allow":["GET"]}}],"collection":[{"href":"https:\/\/ekopar.pl\/index.php\/wp-json\/wp\/v2\/pages"}],"about":[{"href":"https:\/\/ekopar.pl\/index.php\/wp-json\/wp\/v2\/types\/page"}],"author":[{"embeddable":true,"href":"https:\/\/ekopar.pl\/index.php\/wp-json\/wp\/v2\/users\/1"}],"replies":[{"embeddable":true,"href":"https:\/\/ekopar.pl\/index.php\/wp-json\/wp\/v2\/comments?post=74"}],"version-history":[{"count":6,"href":"https:\/\/ekopar.pl\/index.php\/wp-json\/wp\/v2\/pages\/74\/revisions"}],"predecessor-version":[{"id":8473,"href":"https:\/\/ekopar.pl\/index.php\/wp-json\/wp\/v2\/pages\/74\/revisions\/8473"}],"wp:attachment":[{"href":"https:\/\/ekopar.pl\/index.php\/wp-json\/wp\/v2\/media?parent=74"}],"curies":[{"name":"wp","href":"https:\/\/api.w.org\/{rel}","templated":true}]}}